 v?
3, 37
Let i = 5962 - -7422. List the prime factors of i.
2, 7, 239
Let m = -743 + 731. Let k(w) = 5*w**2 + 3*w + 13. What are the prime factors of k(m)?
17, 41
Let q = -225 + 469. Suppose 2*m - 162 = -m. Let b = q - m. What are the prime factors of b?
2, 5, 19
Suppose 531172 + 328109 = 57*u - 261852. What are the prime factors of u?
13, 17, 89
Let t(q) = q - 17. Let x be t(19). Let c = x - -46. What are the prime factors of c?
2, 3
Let v be (-50 + 6 + -5)/((-1)/19). Suppose 3*h - 4*c - 533 = 0, -7*h + 2*h = 4*c - v. What are the prime factors of h?
3, 61
What are the prime factors of (208/24 - 5)/((-3)/(-6237))?
3, 7, 11
Suppose -p - p + 27 = -u, -4*p + 84 = 4*u. Let g be p/((-8)/(-4))*(-9)/12. What are the prime factors of 110/(-4)*(g + 4)?
5, 11
Suppose 5*g - 7*g - 12 = 0. What are the prime factors of -6 - g - (-2)/2 - -51?
2, 13
Let c = 68240 + -42769. What are the prime factors of c?
25471
Let s(u) = u**2 - 2*u + 2. Let h be 18 + -16 - (-1 - -1). What are the prime factors of s(h)?
2
Let t be 505/30 + 3/18. Suppose 5*j = -2*s + t, -4*s = -j - 2*j + 5. Suppose -4*w = -v + 57, v - 3*w = j*v - 70. List the prime factors of v.
41
Suppose -2*n - 4*g = 18, -4*n = -3*n + g + 4. What are the prime factors of -4 - (6 + (-136)/n)?
2, 3, 7
Suppose 5*l - z + 881 = 49430, -5*l - 5*z + 48555 = 0. List the prime factors of l.
2, 5, 971
Let p be (102/(-35) - 26/91)*-25. Let s = p - 78. Suppose 0 = -v - s*x + 29, v + 5*x = 7 + 16. What are the prime factors of v?
3, 11
Suppose -155*k = -153*k - 2764. Let q = k - 562. List the prime factors of q.
2, 5, 41
Suppose -337 - 4548 = -5*k. List the prime factors of k.
977
Suppose -25*x + 20*x + 5*j = -106140, j + 63698 = 3*x. What are the prime factors of x?
5, 31, 137
Let x = 173 + -170. Suppose 2*q - 2083 = -5*u, x*q + 1 = -2. List the prime factors of u.
3, 139
Suppose -2*p - 55 = -5*t + 30, -p = -3*t + 51. Suppose 5*c - 1527 = -t. What are the prime factors of c?
2, 151
Let b be (-1)/(2 + (-15)/6). Let t(g) = 14*g**2 - 2*g - 2. Let z be t(2). Suppose -b*r + 0 = -z. List the prime factors of r.
5
Let g(v) be the first derivative of 10*v**3/3 + 3*v**2/2 - 13*v - 307. Suppose 4*z - 5*j + 9 = 0, 3*z = -3*j + 12 + 15. What are the prime factors of g(z)?
3, 53
What are the prime factors of (104862/24 + 5)/(14/112)?
2, 17497
Let c(y) = -12166*y**3 + 4*y. List the prime factors of c(-1).
2, 3, 2027
Suppose -2*q = -4*f - 274, 4*f = -5*q + 59 - 340. Let z = -64 - f. Suppose 0 = 5*t + z*x - 515, 2*x - 4*x + 503 = 5*t. List the prime factors of t.
3, 11
Let v be 3 + (117 - (6 + -12)). Suppose v = -c + 403. List the prime factors of c.
277
Let i(s) be the third derivative of -7*s**4/3 - 3*s**3/2 + 2*s**2 - 134*s. What are the prime factors of i(-27)?
3, 167
Let k = 310 - 303. Suppose -5*f + 616 = -3*l + k*l, -3*l = -f + 108. What are the prime factors of f?
2, 3, 5
Let q(c) = c**2 - 17*c + 17. Let h(m) = -m**2 + 26*m - 9. Let l be h(26). List the prime factors of q(l).
251
Let g(c) = -8*c**3 + c**2 - 3*c - 93. List the prime factors of g(-8).
4091
What are the prime factors of (4/8)/(43/260494)?
13, 233
Let d(z) = -z**3 - 15*z**2 + 22. Let v be d(-15). Suppose v = -b + 5. Let t(c) = -4*c - 21. List the prime factors of t(b).
47
Suppose -4*i + 11*c = 14*c - 43633, 0 = i - c - 10896. List the prime factors of i.
10903
Let g be ((-156)/(-91))/((-4)/(-854)). Suppose c = -10 + g. List the prime factors of c.
2, 89
Let p = -27 - -31. Suppose -p*y - 262 = -5*y. What are the prime factors of y?
2, 131
Let a(y) = -270*y**3 + 7*y**2 - 3*y + 12. List the prime factors of a(-4).
2, 7, 311
Let h(k) = 78*k**3 - 29*k + 7. List the prime factors of h(5).
2, 3, 89
Let x be (64/(-72))/((-2)/9). Let o(w) = -3*w**2 + 3*w**2 + 7*w**2 - 13*w + 8. What are the prime factors of o(x)?
2, 17
Suppose k - 2*k = -29. Suppose 3*n = 5*n + 5*d - 5, 0 = -5*n + 4*d + k. Suppose -132 = -2*h + 2*l, -h = h + n*l - 132. List the prime factors of h.
2, 3, 11
Suppose 3*x = -3*y + 33, -2*x - 3*x = -3*y - 87. Let q(s) = 4*s**2 - 25*s + 20. List the prime factors of q(x).
5, 109
Let a(b) = -b**2 + 19*b - 11. Let d be a(8). Suppose -d = -3*s - 5*v, 4*s - 141 = 2*v - v. Let c = 84 - s. List the prime factors of c.
2, 5
Let z = 121 - 116. Suppose 2*l + 2*l = o - 14, 0 = -z*l + o - 17. List the prime factors of (-1196)/(-8) + l + 2/4.
3, 7
Let d(j) = j**3 - 31*j**2 - 57*j - 37. What are the prime factors of d(34)?
1493
Let s = -1365 - 55. Let i = -406 - s. What are the prime factors of i?
2, 3, 13
Let y = -1104 - -677. Let a = 25 + y. Let x = -188 - a. List the prime factors of x.
2, 107
Let j be (-159)/(-3)*((-1)/1 + 0). Let y = 61 + j. Suppose y*h + 326 - 1518 = 0. List the prime factors of h.
149
Let b = -15 + 26. Suppose -74 + 19 = -b*f. Suppose -5 = -5*m, -3*i + f*i + 2*m = 22. List the prime factors of i.
2, 5
Let s be -5*(32/(-10) + 2). Suppose s*d = 1474 + 104. What are the prime factors of d?
263
Let d(q) = -449*q - 190. Let c = 377 + -381. What are the prime factors of d(c)?
2, 11, 73
Let t(u) = -4*u - 8. Let f be t(-2). Suppose f = -4*x + n + 1421 + 783, 3*x - 1653 = -n. What are the prime factors of x?
19, 29
Let y = 277 + 893. What are the prime factors of (36/27)/(5/y)?
2, 3, 13
Suppose 3*y - 287805 = 3*m, 3*m = y - 87289 - 8638. What are the prime factors of y?
197, 487
Let v(k) = -k**3 - 77*k**2 - 160*k - 457. List the prime factors of v(-80).
31543
Let d be (-9 - -8) + 1 + 276. Let p = d - 191. Suppose -202 = -7*o + p. What are the prime factors of o?
41
Let u(g) = g**3 + 67*g**2 + 741*g - 77. What are the prime factors of u(-51)?
2, 937
Let h(o) = -3*o - 65. Let b be h(0). Let y be (1 + (-57)/(-15))/((-1)/b). List the prime factors of 6/(-3) + 2 - (-2 - y).
2, 157
Suppose w - 334 - 853 = 5*p, -2*w + 5*p = -2394. What are the prime factors of w?
17, 71
Let r(i) = 6*i**2 + 46*i + 76. Let b(q) = q**2 + 9*q + 15. Let y(z) = -11*b(z) + 2*r(z). Let h be y(8). What are the prime factors of (1 + (144/(-15) - 2))*h?
53
Let z(p) = 7*p - 9. Suppose -11 = -5*u - 1. Let s be z(u). Suppose 0*k - 470 = -s*r + 2*k, -4*r + 369 = -3*k. What are the prime factors of r?
2, 3
Suppose -2*g - 29*g = -801098 + 313685. What are the prime factors of g?
3, 1747
Let t(l) = 70*l - 170. Let f be t(6). Suppose 2*j - 1752 = 4*b - f, 0 = -2*j - b + 1507. What are the prime factors of j?
3, 251
Let j = -93873 + 138529. List the prime factors of j.
2, 2791
Let c(t) = -t**2 - 32*t - 14. Let p be c(-16). Let q = p + -72. Suppose 7*a - 873 = q. List the prime factors of a.
149
Suppose w - 3062 = k, -5*w - 5*k + 12415 = -2855. Let t = w + -2144. What are the prime factors of t?
2, 457
Let y(f) = 21*f**2 - 6*f + 5. Let c be y(-4). Let v be 20/(-25)*c/2. List the prime factors of 1 - (-3 + 0) - v.
2, 3, 5
Let d(r) = -15*r - 1 - 19*r + 9*r. Let h be d(-12). Suppose 0 = -4*g + h - 7. What are the prime factors of g?
73
Suppose 489*q = 484*q - 5035. What are the prime factors of -4*(-63)/(-36) - q?
2, 5
Suppose -3*w - z - 129 = -3*z, -5*z - 67 = 2*w. Let r = w - -74. Suppose 0 = -10*m + r + 697. What are the prime factors of m?
73
Suppose -63*s = -122*s + 451704. List the prime factors of s.
2, 3, 11, 29
Suppose 0 = 49*k - 475693 - 894470 + 343564. What are the prime factors of k?
7, 41, 73
Suppose 0 = -15*c - 7*c + 22. Let a(z) = 99*z**3 + 2*z**2 - 2*z + 1. What are the prime factors of a(c)?
2, 5
Suppose 14*d = 282 + 292. Suppose 4*t - d = 263. What are the prime factors of t?
2, 19
Let m = 336 + -332. Suppose m*h - 6*f = -2*f + 432, 6 = 2*f. What are the prime factors of h?
3, 37
Let b be -1*2/(-7)*7. Suppose 5*g = 4*f + 9, f + 6 = -0*f + b*g. What are the prime factors of ((-4)/(-10))/(f/460)?
2, 23
Suppose 9*o = 537 - 168. Let g = 46 - o. Suppose 3*b + g*a = 472, -5*b = -4*b + 2*a - 156. What are the prime factors of b?
2, 41
Suppose 0 = 5*d - d + 4*h + 8320, -4 = -h. What are the prime factors of (3 - 1)*d/(-8)?
521
Suppose -l = 971 + 2088. Let x = -1058 - l. List the prime factors of x.
3, 23, 29
Suppose -5*t - 2*i = -42, -8 = -5*t - 5*i + 37. Let w(v) = 14*v**2 - 11*v + 18. Let r be w(t). Suppose r = 3*f + 4*f. What are the prime factors of f?
2, 59
Suppose 20*m - 22 = 1738. Let w = 314 - m. What are the prime factors of w?
2, 113
Let l(q) = -3*q**2 - 6*q - 7. Let c be l(5). L